{"id":3,"date":"2024-04-06T15:12:05","date_gmt":"2024-04-06T13:12:05","guid":{"rendered":"https:\/\/www.dimoraanna.it\/?page_id=3"},"modified":"2024-04-14T17:20:40","modified_gmt":"2024-04-14T15:20:40","slug":"privacy-policy","status":"publish","type":"page","link":"https:\/\/www.dimoraanna.it\/index.php\/privacy-policy\/","title":{"rendered":"Privacy Policy"},"content":{"rendered":"\t\t<div data-elementor-type=\"wp-page\" data-elementor-id=\"3\" class=\"elementor elementor-3\">\n\t\t\t\t<div class=\"elementor-element elementor-element-144bd103 e-flex e-con-boxed e-con e-parent\" data-id=\"144bd103\" data-element_type=\"container\" data-core-v316-plus=\"true\">\n\t\t\t\t\t<div class=\"e-con-inner\">\n\t\t\t\t<div class=\"elementor-element elementor-element-384e02c1 elementor-widget elementor-widget-text-editor\" data-id=\"384e02c1\" data-element_type=\"widget\" data-widget_type=\"text-editor.default\">\n\t\t\t\t<div class=\"elementor-widget-container\">\n\t\t\t<style>\/*! elementor - v3.20.0 - 26-03-2024 *\/\n.elementor-widget-text-editor.elementor-drop-cap-view-stacked .elementor-drop-cap{background-color:#69727d;color:#fff}.elementor-widget-text-editor.elementor-drop-cap-view-framed .elementor-drop-cap{color:#69727d;border:3px solid;background-color:transparent}.elementor-widget-text-editor:not(.elementor-drop-cap-view-default) .elementor-drop-cap{margin-top:8px}.elementor-widget-text-editor:not(.elementor-drop-cap-view-default) .elementor-drop-cap-letter{width:1em;height:1em}.elementor-widget-text-editor .elementor-drop-cap{float:left;text-align:center;line-height:1;font-size:50px}.elementor-widget-text-editor .elementor-drop-cap-letter{display:inline-block}<\/style>\t\t\t\t<!-- wp:heading -->\n<h3 class=\"font-weight-bold primary-font\">INFORMATIVA PRIVACY CLIENTI E FORNITORI IN ACCORDO AL GDPR 679\/2016<\/h3>\n<h2 class=\"wp-block-heading\"><u><a class=\"font-weight-bold primary-font\" href=\"https:\/\/www.emmavillas.com\/it\/Privacy#\" data-cmp-ab=\"2\">CLICCA QUI PER INFORMATIVA SUI PROPRIETARI IN ACCORDO AL GDPR 679\/2016<\/a><\/u><\/h2>\n<p>La presente informativa viene resa da Dimora Anna ai sensi dell\u2019art. 13 del DLgs 30 giugno 2003 n\u00b0196 &#8220;Codice in materia di protezione dei dati personali&#8221; e dell\u2019art. 13 GDPR 679\/16 \u201cRegolamento europeo sulla protezione dei dati personali\u201d.<\/p>\n<h2 class=\"wp-block-heading\"><strong>Titolare del trattamento<\/strong><\/h2>\n<p>Il titolare del trattamento dei dati delle persone fisiche \u00e8 Dimora Anna con sede in<\/p>\n<div class=\"M2Cv8e hP3ybd\">\n<div class=\"gqkR3b hP3ybd\"><a tabindex=\"0\" href=\"https:\/\/www.google.com\/maps\/place\/\/data=!4m2!3m1!1s0x13145b773b513e77:0xf1087c012f8bf6b2?sa=X&amp;ved=1t:8290&amp;ictx=111\" data-url=\"\/maps\/place\/\/data=!4m2!3m1!1s0x13145b773b513e77:0xf1087c012f8bf6b2?sa=X&amp;ved=2ahUKEwjnxtO6_8GFAxWB0wIHHQv7AdoQ4kB6BAg0EAA\">Via Nazionale Occhio di Pellaro, 72, 89134 Reggio di Calabria RC<\/a><\/div>\n<\/div>\n<p><br \/>Il titolare \u00e8 contattabile al seguente indirizzo mail: <strong>dimoraannavacanze@gmail.com<\/strong><\/p>\n<h2 class=\"wp-block-heading\"><strong>Fonte dei dati<\/strong><\/h2>\n<p>I dati personali trattati sono quelli che l\u2019interessato stesso fornir\u00e0 nel processo di richiesta informazioni di dimoraanna.it<\/p>\n<h2 class=\"wp-block-heading\"><strong>Finalit\u00e0 del trattamento<\/strong><\/h2>\n<div class=\"contenuto\">\n<p>La finalit\u00e0 per la quale chiediamo di fornirci i dati personali \u00e8 quella di richiesta informazioni per la disponibilit\u00e0 di camere in date stabilite.<\/p>\n<\/div>\n<p>Gli stessi dati potranno essere utilizzati per finalizzare una nuova prenotazione, qualora richiesto, unitamente ai dati necessari alla prenotazione ma che non facciano parte del set di dati utili ai fini della registrazione di un account.<br \/>Previo consenso, i dati relativi ai contatti telefonici potranno essere usati tramite un sistema di messaggistica istantanea per richiedere o ricevere informazioni relative al soggiorno in corso.<\/p>\n<p>Inoltre, gli stessi dati e le scelte effettuate potranno essere utilizzate, in presenza di consenso, per effettuare una profilazione del cliente al fine di effettuare indagini di mercato ed offrire promozioni personalizzate.<\/p>\n<h2 class=\"wp-block-heading\"><strong>Destinatari dei dati<\/strong><\/h2>\n<p>I dati personali trattati dal Titolare non saranno diffusi, ovvero non ne verr\u00e0 data conoscenza a soggetti indeterminati, in nessuna possibile forma, inclusa quella della loro messa a disposizione o semplice consultazione. Potranno, invece, essere comunicati ai lavoratori del Titolare e ad alcuni soggetti esterni he con essi collaborano. Potranno inoltre essere comunicati, nei limiti strettamente necessari, ai soggetti che per finalit\u00e0 di emissione di ordini o richieste di informazioni e preventivi debbano fornire beni e\/o eseguire prestazioni o servizi. Infine, potranno essere comunicati ai soggetti legittimati ad accedervi in forza di disposizioni di legge, regolamenti, normative comunitarie. In particolare, sulla base dei ruoli e delle mansioni lavorative espletate, alcuni lavoratori sono stati legittimati a trattare i dati personali, nei limiti delle loro competenze ed in conformit\u00e0 alle istruzioni ad essi impartite dal Titolare<\/p>\n<h2 class=\"wp-block-heading\"><strong>Trasferimento dei dati<\/strong><\/h2>\n<p>Non \u00e8 previsto il trasferimento dei dati personali in paesi terzi o a organizzazioni internazionali. Dimora Anna conserva comunque la possibilit\u00e0 di utilizzare servizi anche in cloud; i fornitori di tali servizi saranno selezionati solo se in grado di fornire garanzie adeguate ad assicurare la conformit\u00e0 alle norme elle leggi italiane ed europee sulla privacy.<\/p>\n<h2 class=\"wp-block-heading\"><strong>Conservazione dei dati<\/strong><\/h2>\n<p>I dati personali di cui sopra saranno inseriti negli archivi aziendali e vi permarranno secondo i termini di legge e, se del caso fino a richiesta di modifica a o cancellazione da parte degli interessati.<br \/>Dimora Anna conserva e tratta i dati personali per il tempo necessario ad adempiere alle finalit\u00e0 indicate. Successivamente, i dati personali saranno conservati, e non ulteriormente trattati, per il tempo stabilito dalle vigenti disposizioni in materia civilistica e fiscale.<\/p>\n<h2 class=\"wp-block-heading\"><strong>Diritti dell\u2019interessato<\/strong><\/h2>\n<p>L\u2019interessato ha diritto di:<\/p>\n<ul>\n<li>richiedere la conferma dell&#8217;esistenza di dati personali che lo riguardano (diritto di accesso);<\/li>\n<li>conoscerne l&#8217;origine;<\/li>\n<li>riceverne comunicazione intelligibile;<\/li>\n<li>avere informazioni circa la logica, le modalit\u00e0 e le finalit\u00e0 del trattamento;<\/li>\n<li>richiederne l&#8217;aggiornamento, la rettifica, l&#8217;integrazione, la cancellazione, la trasformazione in forma anonima, il blocco dei dati trattati in violazione di legge, ivi compresi quelli non pi\u00f9 necessari al perseguimento degli scopi per i quali sono stati raccolti;<\/li>\n<li>nei casi di trattamento basato su consenso, ricevere al solo costo dell\u2019eventuale supporto, i suoi dati forniti al titolare, in forma strutturata e leggibile da un elaboratore di dati e in un formato comunemente usato da un dispositivo elettronico;<\/li>\n<li>il diritto di presentare un reclamo all\u2019Autorit\u00e0 di controllo (Garante Privacy);<\/li>\n<li>nonch\u00e9, pi\u00f9 in generale, esercitare tutti i diritti che gli sono riconosciuti dalle vigenti disposizioni di legge.<\/li>\n<\/ul>\n<p>l\u2019interessato esercita i suoi diritti inviando raccomandata al Titolare oppure a mezzo email, specificando l\u2019oggetto della sua richiesta e allegando copia di un documento di identit\u00e0 valido.<\/p>\n<h2 class=\"wp-block-heading\"><strong>Consenso e revoca<\/strong><\/h2>\n<p>Ai sensi dell\u2019art. 23 del d.lgs. 196\/2003 e successive modifiche e all\u2019art. 6 del GDPR 679\/16, l\u2019interessato pu\u00f2 revocare in qualsiasi momento il consenso. Tuttavia uno specifico trattamento pu\u00f2 essere lecito e consentito anche in assenza di consenso, qualora necessario all\u2019esecuzione di un obbligo contrattuale, di una norma di legge, e della presenza di un legittimo interesse.<\/p>\n<h2 class=\"wp-block-heading\"><strong>Proposizione di reclamo<\/strong><\/h2>\n<p>L\u2019interessato ha il diritto di proporre reclamo all\u2019autorit\u00e0 di controllo dello stato di residenza (Garante della Privacy) qualora ritenesse che i suoi dati fossero trattati impropriamente.<\/p>\n<h2 class=\"wp-block-heading\"><strong>Rifiuto al conferimento dei dati<\/strong><\/h2>\n<p>L\u2019interessato pu\u00f2 rifiutarsi di conferire al Titolare i suoi dati personali. Il conferimento dei dati personali \u00e8 per\u00f2 necessario per una corretta ed efficiente gestione del rapporto contrattuale. Pertanto, un eventuale rifiuto al conferimento potr\u00e0 compromettere in tutto o in parte il rapporto contrattuale stesso.<\/p>\n<h2 class=\"wp-block-heading\"><strong>Processi decisionali automatizzati<\/strong><\/h2>\n<p>Dimora Anna attualmente non esegue trattamenti sui dati personali di cui viene in possesso in base a contratti con clienti e fornitori che portino a processi decisionali automatizzati.<\/p>\t\t\t\t\t\t<\/div>\n\t\t\t\t<\/div>\n\t\t\t\t\t<\/div>\n\t\t\t\t<\/div>\n\t\t\t\t<\/div>\n\t\t","protected":false},"excerpt":{"rendered":"<p>INFORMATIVA PRIVACY CLIENTI E FORNITORI IN ACCORDO AL GDPR 679\/2016 CLICCA QUI PER INFORMATIVA SUI PROPRIETARI IN ACCORDO AL GDPR [&hellip;]<\/p>\n","protected":false},"author":1,"featured_media":0,"parent":0,"menu_order":0,"comment_status":"closed","ping_status":"open","template":"","meta":{"site-sidebar-layout":"default","site-content-layout":"","ast-site-content-layout":"","site-content-style":"default","site-sidebar-style":"default","ast-global-header-display":"","ast-banner-title-visibility":"","ast-main-header-display":"","ast-hfb-above-header-display":"","ast-hfb-below-header-display":"","ast-hfb-mobile-header-display":"","site-post-title":"","ast-breadcrumbs-content":"","ast-featured-img":"","footer-sml-layout":"","theme-transparent-header-meta":"","adv-header-id-meta":"","stick-header-meta":"","header-above-stick-meta":"","header-main-stick-meta":"","header-below-stick-meta":"","astra-migrate-meta-layouts":"default","ast-page-background-enabled":"default","ast-page-background-meta":{"desktop":{"background-color":"var(--ast-global-color-4)","background-image":"","background-repeat":"repeat","background-position":"center center","background-size":"auto","background-attachment":"scroll","background-type":"","background-media":"","overlay-type":"","overlay-color":"","overlay-gradient":""},"tablet":{"background-color":"","background-image":"","background-repeat":"repeat","background-position":"center center","background-size":"auto","background-attachment":"scroll","background-type":"","background-media":"","overlay-type":"","overlay-color":"","overlay-gradient":""},"mobile":{"background-color":"","background-image":"","background-repeat":"repeat","background-position":"center center","background-size":"auto","background-attachment":"scroll","background-type":"","background-media":"","overlay-type":"","overlay-color":"","overlay-gradient":""}},"ast-content-background-meta":{"desktop":{"background-color":"var(--ast-global-color-5)","background-image":"","background-repeat":"repeat","background-position":"center center","background-size":"auto","background-attachment":"scroll","background-type":"","background-media":"","overlay-type":"","overlay-color":"","overlay-gradient":""},"tablet":{"background-color":"var(--ast-global-color-5)","background-image":"","background-repeat":"repeat","background-position":"center center","background-size":"auto","background-attachment":"scroll","background-type":"","background-media":"","overlay-type":"","overlay-color":"","overlay-gradient":""},"mobile":{"background-color":"var(--ast-global-color-5)","background-image":"","background-repeat":"repeat","background-position":"center center","background-size":"auto","background-attachment":"scroll","background-type":"","background-media":"","overlay-type":"","overlay-color":"","overlay-gradient":""}},"footnotes":""},"yoast_head":"<!-- This site is optimized with the Yoast SEO plugin v22.4 - https:\/\/yoast.com\/wordpress\/plugins\/seo\/ -->\r\n<title>Privacy Policy - Casa Vacanze Dimora Anna<\/title>\r\n<meta name=\"robots\" content=\"index, follow, max-snippet:-1, max-image-preview:large, max-video-preview:-1\" \/>\r\n<link rel=\"canonical\" href=\"https:\/\/www.dimoraanna.it\/index.php\/privacy-policy\/\" \/>\r\n<meta property=\"og:locale\" content=\"it_IT\" \/>\r\n<meta property=\"og:type\" content=\"article\" \/>\r\n<meta property=\"og:title\" content=\"Privacy Policy - Casa Vacanze Dimora Anna\" \/>\r\n<meta property=\"og:description\" content=\"INFORMATIVA PRIVACY CLIENTI E FORNITORI IN ACCORDO AL GDPR 679\/2016 CLICCA QUI PER INFORMATIVA SUI PROPRIETARI IN ACCORDO AL GDPR [&hellip;]\" \/>\r\n<meta property=\"og:url\" content=\"https:\/\/www.dimoraanna.it\/index.php\/privacy-policy\/\" \/>\r\n<meta property=\"og:site_name\" content=\"Casa Vacanze Dimora Anna\" \/>\r\n<meta property=\"article:modified_time\" content=\"2024-04-14T15:20:40+00:00\" \/>\r\n<meta property=\"og:image\" content=\"https:\/\/www.dimoraanna.it\/wp-content\/uploads\/2024\/04\/BannerIniziale-1024x447.png\" \/>\r\n\t<meta property=\"og:image:width\" content=\"1024\" \/>\r\n\t<meta property=\"og:image:height\" content=\"447\" \/>\r\n\t<meta property=\"og:image:type\" content=\"image\/png\" \/>\r\n<meta name=\"twitter:card\" content=\"summary_large_image\" \/>\r\n<meta name=\"twitter:label1\" content=\"Tempo di lettura stimato\" \/>\n\t<meta name=\"twitter:data1\" content=\"4 minuti\" \/>\r\n<script type=\"application\/ld+json\" class=\"yoast-schema-graph\">{\"@context\":\"https:\/\/schema.org\",\"@graph\":[{\"@type\":\"WebPage\",\"@id\":\"https:\/\/www.dimoraanna.it\/index.php\/privacy-policy\/\",\"url\":\"https:\/\/www.dimoraanna.it\/index.php\/privacy-policy\/\",\"name\":\"Privacy Policy - Casa Vacanze Dimora Anna\",\"isPartOf\":{\"@id\":\"https:\/\/www.dimoraanna.it\/#website\"},\"datePublished\":\"2024-04-06T13:12:05+00:00\",\"dateModified\":\"2024-04-14T15:20:40+00:00\",\"breadcrumb\":{\"@id\":\"https:\/\/www.dimoraanna.it\/index.php\/privacy-policy\/#breadcrumb\"},\"inLanguage\":\"it-IT\",\"potentialAction\":[{\"@type\":\"ReadAction\",\"target\":[\"https:\/\/www.dimoraanna.it\/index.php\/privacy-policy\/\"]}]},{\"@type\":\"BreadcrumbList\",\"@id\":\"https:\/\/www.dimoraanna.it\/index.php\/privacy-policy\/#breadcrumb\",\"itemListElement\":[{\"@type\":\"ListItem\",\"position\":1,\"name\":\"Home\",\"item\":\"https:\/\/www.dimoraanna.it\/\"},{\"@type\":\"ListItem\",\"position\":2,\"name\":\"Privacy Policy\"}]},{\"@type\":\"WebSite\",\"@id\":\"https:\/\/www.dimoraanna.it\/#website\",\"url\":\"https:\/\/www.dimoraanna.it\/\",\"name\":\"Casa Vacanze Dimora Anna\",\"description\":\"Meravigliosa struttura di lusso per le tue vacanze a Reggio Calabria, con piscina e vicino al mare\",\"publisher\":{\"@id\":\"https:\/\/www.dimoraanna.it\/#organization\"},\"potentialAction\":[{\"@type\":\"SearchAction\",\"target\":{\"@type\":\"EntryPoint\",\"urlTemplate\":\"https:\/\/www.dimoraanna.it\/?s={search_term_string}\"},\"query-input\":\"required name=search_term_string\"}],\"inLanguage\":\"it-IT\"},{\"@type\":\"Organization\",\"@id\":\"https:\/\/www.dimoraanna.it\/#organization\",\"name\":\"Casa Vacanze Dimora Anna\",\"url\":\"https:\/\/www.dimoraanna.it\/\",\"logo\":{\"@type\":\"ImageObject\",\"inLanguage\":\"it-IT\",\"@id\":\"https:\/\/www.dimoraanna.it\/#\/schema\/logo\/image\/\",\"url\":\"https:\/\/www.dimoraanna.it\/wp-content\/uploads\/2024\/04\/LogoDimora.jpg\",\"contentUrl\":\"https:\/\/www.dimoraanna.it\/wp-content\/uploads\/2024\/04\/LogoDimora.jpg\",\"width\":660,\"height\":650,\"caption\":\"Casa Vacanze Dimora Anna\"},\"image\":{\"@id\":\"https:\/\/www.dimoraanna.it\/#\/schema\/logo\/image\/\"}}]}<\/script>\r\n<!-- \/ Yoast SEO plugin. -->","yoast_head_json":{"title":"Privacy Policy - Casa Vacanze Dimora Anna","robots":{"index":"index","follow":"follow","max-snippet":"max-snippet:-1","max-image-preview":"max-image-preview:large","max-video-preview":"max-video-preview:-1"},"canonical":"https:\/\/www.dimoraanna.it\/index.php\/privacy-policy\/","og_locale":"it_IT","og_type":"article","og_title":"Privacy Policy - Casa Vacanze Dimora Anna","og_description":"INFORMATIVA PRIVACY CLIENTI E FORNITORI IN ACCORDO AL GDPR 679\/2016 CLICCA QUI PER INFORMATIVA SUI PROPRIETARI IN ACCORDO AL GDPR [&hellip;]","og_url":"https:\/\/www.dimoraanna.it\/index.php\/privacy-policy\/","og_site_name":"Casa Vacanze Dimora Anna","article_modified_time":"2024-04-14T15:20:40+00:00","og_image":[{"width":1024,"height":447,"url":"https:\/\/www.dimoraanna.it\/wp-content\/uploads\/2024\/04\/BannerIniziale-1024x447.png","type":"image\/png"}],"twitter_card":"summary_large_image","twitter_misc":{"Tempo di lettura stimato":"4 minuti"},"schema":{"@context":"https:\/\/schema.org","@graph":[{"@type":"WebPage","@id":"https:\/\/www.dimoraanna.it\/index.php\/privacy-policy\/","url":"https:\/\/www.dimoraanna.it\/index.php\/privacy-policy\/","name":"Privacy Policy - Casa Vacanze Dimora Anna","isPartOf":{"@id":"https:\/\/www.dimoraanna.it\/#website"},"datePublished":"2024-04-06T13:12:05+00:00","dateModified":"2024-04-14T15:20:40+00:00","breadcrumb":{"@id":"https:\/\/www.dimoraanna.it\/index.php\/privacy-policy\/#breadcrumb"},"inLanguage":"it-IT","potentialAction":[{"@type":"ReadAction","target":["https:\/\/www.dimoraanna.it\/index.php\/privacy-policy\/"]}]},{"@type":"BreadcrumbList","@id":"https:\/\/www.dimoraanna.it\/index.php\/privacy-policy\/#breadcrumb","itemListElement":[{"@type":"ListItem","position":1,"name":"Home","item":"https:\/\/www.dimoraanna.it\/"},{"@type":"ListItem","position":2,"name":"Privacy Policy"}]},{"@type":"WebSite","@id":"https:\/\/www.dimoraanna.it\/#website","url":"https:\/\/www.dimoraanna.it\/","name":"Casa Vacanze Dimora Anna","description":"Meravigliosa struttura di lusso per le tue vacanze a Reggio Calabria, con piscina e vicino al mare","publisher":{"@id":"https:\/\/www.dimoraanna.it\/#organization"},"potentialAction":[{"@type":"SearchAction","target":{"@type":"EntryPoint","urlTemplate":"https:\/\/www.dimoraanna.it\/?s={search_term_string}"},"query-input":"required name=search_term_string"}],"inLanguage":"it-IT"},{"@type":"Organization","@id":"https:\/\/www.dimoraanna.it\/#organization","name":"Casa Vacanze Dimora Anna","url":"https:\/\/www.dimoraanna.it\/","logo":{"@type":"ImageObject","inLanguage":"it-IT","@id":"https:\/\/www.dimoraanna.it\/#\/schema\/logo\/image\/","url":"https:\/\/www.dimoraanna.it\/wp-content\/uploads\/2024\/04\/LogoDimora.jpg","contentUrl":"https:\/\/www.dimoraanna.it\/wp-content\/uploads\/2024\/04\/LogoDimora.jpg","width":660,"height":650,"caption":"Casa Vacanze Dimora Anna"},"image":{"@id":"https:\/\/www.dimoraanna.it\/#\/schema\/logo\/image\/"}}]}},"_links":{"self":[{"href":"https:\/\/www.dimoraanna.it\/index.php\/wp-json\/wp\/v2\/pages\/3"}],"collection":[{"href":"https:\/\/www.dimoraanna.it\/index.php\/wp-json\/wp\/v2\/pages"}],"about":[{"href":"https:\/\/www.dimoraanna.it\/index.php\/wp-json\/wp\/v2\/types\/page"}],"author":[{"embeddable":true,"href":"https:\/\/www.dimoraanna.it\/index.php\/wp-json\/wp\/v2\/users\/1"}],"replies":[{"embeddable":true,"href":"https:\/\/www.dimoraanna.it\/index.php\/wp-json\/wp\/v2\/comments?post=3"}],"version-history":[{"count":3,"href":"https:\/\/www.dimoraanna.it\/index.php\/wp-json\/wp\/v2\/pages\/3\/revisions"}],"predecessor-version":[{"id":528,"href":"https:\/\/www.dimoraanna.it\/index.php\/wp-json\/wp\/v2\/pages\/3\/revisions\/528"}],"wp:attachment":[{"href":"https:\/\/www.dimoraanna.it\/index.php\/wp-json\/wp\/v2\/media?parent=3"}],"curies":[{"name":"wp","href":"https:\/\/api.w.org\/{rel}","templated":true}]}}